 = 2*o. Let g be (8 + -9)/((-2)/r). Suppose -4*z - 3*c = -g, -c - 74 = -4*z + 133. Is z prime?
False
Let f(l) be the second derivative of l**3/2 - 3*l**2 + 16*l. Let u be f(2). Suppose -2*j + u*j = -2*i - 542, -2*j - i = -530. Is j a composite number?
True
Is (-312)/(-112) + (-50)/20 - 861201/(-7) a composite number?
True
Suppose -232*i + 187*i = -38818215. Is i a composite number?
False
Is 6366/6*(-2 + -4)*9/(-54) composite?
False
Suppose 198*y = 124*y + 21079418. Is y composite?
False
Suppose -5*y - 5 + 3655 = 0. Let m = y - 245. Is m a composite number?
True
Let r(z) = -64*z**3 + 4*z**2 + 112*z + 667. Is r(-6) a composite number?
False
Let n(l) = -l**3 - 16*l**2 + 18*l + 56. Let i = -98 + 79. Is n(i) composite?
False
Let s(a) = -9*a + 2. Let h be s(-2). Let c(m) = 91*m - 129. Let b(i) = 24*i - 33. Let d(g) = 9*b(g) - 2*c(g). Is d(h) prime?
True
Let x(a) = -2*a**2 - 6*a - 6. Let c be x(8). Let q = c - -453. Let j = q - 192. Is j prime?
True
Let l(n) = n**3 + 10*n**2 - 26*n - 16. Let i be l(-12). Suppose 3*b - i*b + 1397 = 2*z, z = 2*b + 703. Is z a prime number?
True
Suppose 2*y - 840120 = -8*y - 14*y. Is y a composite number?
True
Suppose 74*d - 58437957 = 10693213. Is d a prime number?
False
Let v = -51509 + 36715. Let f = 34847 + v. Is f a prime number?
False
Let w(o) be the second derivative of -o**4/12 - 2*o**3/3 - 21*o**2/2 - 10*o. Let r be w(16). Is ((-2)/2)/(11/r) a composite number?
False
Is 3/(-11) + (-11339888)/(-77) prime?
False
Let o = 875 - 93. Suppose 4*i - 2*i = 4*m + o, i - m - 396 = 0. Is i prime?
True
Let j = 209 + -211. Is j/(-5)*-5 - -2323 a prime number?
False
Suppose 574*i - 531*i - 12280757 = 0. Is i a prime number?
True
Let p = -86143 - -138902. Is p prime?
False
Let r(t) = -12054*t + 1031. Is r(-5) composite?
True
Let l be (9/(-12)*2)/(2/(-112)). Is (-4 + l/18)/((-2)/(-3777)) prime?
True
Suppose 2*m + 3*m = 269230 + 479725. Is m a prime number?
True
Let s = -168 + 198. Let y(p) = p**3 - 28*p**2 - 20*p - 19. Is y(s) a composite number?
False
Let f = 9104 - -1356. Let p = 17893 - f. Is p composite?
False
Suppose 1008*l - 1001*l = -509012. Let o = -18553 - l. Is o prime?
True
Let v = 48050 - 20337. Suppose -88*y + v = -81*y. Is y composite?
True
Let w(n) = n**3 + 15*n**2 + 8*n + 9. Let i(z) = -7*z + 5. Let f be i(-6). Suppose f = -3*a + 5. Is w(a) a composite number?
True
Suppose i + 49 = 3*q, 5*q - 42 = -2*i + 47. Suppose 1 = q*g - 16*g, 5*c = -4*g + 85389. Is c a composite number?
False
Suppose -s = 31 - 38. Let r(u) = 531*u - 82. Is r(s) a prime number?
False
Let q be (-10)/280*-7 - (-428647)/4. Suppose -20*n = 2*n - q. Is n a composite number?
False
Let y = -174 - -344. Let i = 72 - 191. Let w = i + y. Is w a prime number?
False
Let l = 118 + 1860. Suppose -2*y + 5*y - 5935 = -4*n, y + n = l. Suppose 0 = -9*z + y + 336. Is z composite?
False
Let u = -2149 - -7188. Let q = -2116 + u. Is q a composite number?
True
Let s = 1549 + 8662. Is s a prime number?
True
Let q(m) = -2*m - 10057. Let j be q(0). Let k = -6271 - j. Suppose -9*x = -3*x - k. Is x prime?
True
Let d be ((-15)/(-20))/(3/8). Is (963/2 - -2)*d prime?
True
Suppose -3*p - 25 + 238 = 0. Suppose p*b - 58*b = 31967. Is b prime?
True
Is (-3441164 - -5)*9/(-27) a prime number?
False
Suppose -180184 = -5*n + 5*j - 10144, -4*j = 4*n - 135992. Is n a prime number?
False
Suppose -42 = 5*m + 8. Let o(u) = 1. Let w(n) = 274*n + 3. Let k(s) = 4*o(s) - w(s). Is k(m) composite?
False
Let r(f) = 6756*f + 515. Is r(20) a composite number?
True
Let a be 46/14 + 2 + (-32)/14. Suppose -31 = -a*y + m, -3*m + m + 22 = y. Is (1 + 369/y)*12 composite?
True
Let h(o) = 8*o + 101. Let z be h(-10). Suppose 42850 = z*n + 4*n. Is n a composite number?
True
Suppose -2*n + 11 = 1. Suppose -x - 3*w = -2*x + 1361, -2*x + 2722 = n*w. Is x composite?
False
Suppose -5*k = -7 + 2. Let x(n) = -2378*n**2 - 7*n + 7. Let f be x(k). Let c = f - -4417. Is c a composite number?
False
Suppose -1453*h = -3*n - 1456*h + 1864545, 5*h + 30 = 0. Is n prime?
True
Let v(f) = -24840*f**3 + 25*f**2 + 30*f + 129. Is v(-4) a composite number?
True
Let a be (1/3)/(3/81). Let v(t) = -t + 16. Let j be v(a). Suppose -j*z - 133 + 896 = 0. Is z composite?
False
Let z = 74 + -70. Suppose b - 8259 = -2*q - 1342, -4*b + 13824 = z*q. Suppose 841 = 6*x - q. Is x composite?
True
Let y(m) be the first derivative of 356*m**3/3 - 13*m**2/2 - m - 194. Suppose 0 = 3*t + 3*f + 12, 3*t - 5*f = t - 8. Is y(t) a composite number?
True
Suppose 4*o + 6*f - 2006113 = 7*f, 5*o - 2507639 = 2*f. Is o a composite number?
True
Let j be (-8)/((-24)/(-22241)) + (-1)/3. Let x = -5165 - j. Is x composite?
True
Let a = -347703 - -975362. Is a prime?
True
Let p = -601489 + 1237700. Is p a composite number?
False
Is (5/(10/(-751942)))/(-1) composite?
False
Suppose x + 34 = 64. Let f = 32 - x. Is (-8)/(-8) - (f/2 - 335) a composite number?
True
Suppose -6*d + 18*d - 48 = 0. Suppose -3*u - 3*b = -2*u - 23096, 2*u - 46194 = -d*b. Is u prime?
True
Let z = 40 - 958. Suppose 4*q = -12, 4*m - 6882 = 7*m - 3*q. Let y = z - m. Is y composite?
True
Let c be 10/(-8)*-11058 - (-8)/16. Is 65/52 - c/(-4) a composite number?
False
Suppose -m = -2*m - 32. Let f = 35 + m. Suppose 2092 = t + 4*t + o, 3*o - 1248 = -f*t. Is t prime?
True
Let y be ((-3)/(-3 - -2))/((-6)/(-22)). Suppose -y*i + 2715 = -8*i. Is i composite?
True
Let n be (816/40)/((-4)/(-10)). Suppose n*b = 31*b + 32980. Is b a composite number?
True
Let p(b) = 1094*b**2 + 12*b - 73. Is p(6) composite?
False
Let b be 23 - ((-4)/(-3) - (-10)/15). Suppose -u = -122 + b. Is u - 12/(-9)*(-3 - 0) a prime number?
True
Let q(l) = 11027*l - 1612. Is q(3) prime?
True
Let y = 1944201 - 1050820. Is y a composite number?
False
Suppose -134*g = 83*g - 11064613. Is g a prime number?
True
Let g(s) = -2*s**2 + 4*s**2 - 35*s + 118 + 2*s**2 + 2*s + 0*s**2. Is g(31) composite?
False
Let o(q) = 24*q - 9. Suppose -5*i - 4 = -3*c + 4*c, -3*c - 51 = 2*i. Let f = c + 26. Is o(f) a composite number?
True
Let x(c) be the first derivative of -347*c**2/2 - 186*c + 93. Is x(-23) a prime number?
False
Let m(t) be the first derivative of 5912*t**2 - 33*t + 50. Is m(2) a prime number?
False
Suppose 0 = 319*z - 318*z - 14. Suppose z*c - 32773 = c. Is c a composite number?
False
Let x(z) = 13372*z - 1985*z**3 - 4 - 13372*z - 1 - 799*z**3. Is x(-2) prime?
False
Let r(v) = 3*v**2 + 7*v + 5. Let a be r(-2). Let y be ((-20)/(-15) - 0)*a. Suppose -3 = 2*k - 2*o - 111, -4*o = y. Is k a composite number?
False
Suppose -5*m + 2*o + 0*o - 43 = 0, -m = o + 10. Is (629*2 + 1)*(m + 10) a composite number?
False
Let i = 225 - 245. Is 15/i + (-2335)/(-4) composite?
True
Suppose -10*v + 1463188 = -4741822. Is v a prime number?
False
Suppose -976874 = -12*j + 725038. Is j prime?
False
Let m = -27 - -32. Suppose 3*p - 3139 = -m*o, 2*p = o - 5*o + 2096. Suppose -p = -4*s + 1018. Is s prime?
False
Suppose -83*t = -0*t + 23*t - 14006522. Is t prime?
True
Suppose 8*u - 103 = -15. Is -1 - (-2770)/u - 228/(-1254) a composite number?
False
Let z(r) = r**3 + 5*r**2 - 2*r - 17. Let j be z(-3). Let h(u) = 6*u**3 + 10*u**2 - 35*u - 16. Is h(j) a prime number?
True
Suppose 0 = -3*x - 5*h + 208276, 34*x = 35*x - 5*h - 69432. Is x prime?
True
Suppose 22 + 193 = 5*n. Suppose -n*p = -335892 - 412351. Is p composite?
False
Let k be (-47)/2 + 15/(-10). Let j be 5/k + (-24)/5. Is 1188/15 + 1/j prime?
True
Suppose -13*q + 3*q = -180. Let s(z) = 7*z + 39. Let x(u) = -22*u - 116. Let k(m) = -11*s(m) - 4*x(m). Is k(q) prime?
True
Suppose 0 = f + 2*b - 221, -2*f + 4*b = -3*f + 217. Is 41773/15 - (-30)/f a composite number?
True
Let b(y) = -y**3 - 11*y**2 + 1. Suppose 3*o = -2*s - 27, 2*o + 0*o + 37 = 5*s. Let a be b(o). Is a*361 + -3 + (6 - 5) a prime number?
True
Suppose -371*s = -385*s + 279710 + 3169988. Is s a composite number?
True
Let f = 62 + -56. Suppose f*o - 42 = 20*o. Is (o + 4)/((-2)/(-1334)) a composite number?
True
Let i = 212799 + 75122. Is i a composite number?
False
Let r(i) = -i**2 + 27*i + 59. Suppose 3*s - 3*d = -8*d + 106, d = 2*s - 49. Is r(s) prime?
True
Suppose -8*i + 83440 = 8*i. Let x = 9966 - i. Is x a prime number?
True
Let l = 108001 + 151138. Is l prime?
False
Let l(r) = -r**3 + 74*r**2 + 193*r + 129. Is l(-38) composite?
False
Let o = 134 - 